{"id":83,"date":"2023-08-01T09:14:50","date_gmt":"2023-08-01T09:14:50","guid":{"rendered":"https:\/\/themedox.com\/gerow\/?page_id=83"},"modified":"2025-02-26T11:40:45","modified_gmt":"2025-02-26T11:40:45","slug":"hizmetler","status":"publish","type":"page","link":"https:\/\/ibysoft.net\/home\/hizmetler\/","title":{"rendered":"Hizmetler"},"content":{"rendered":"\t\t<div data-elementor-type=\"wp-page\" data-elementor-id=\"83\" class=\"elementor elementor-83\" data-elementor-post-type=\"page\">\n\t\t\t\t\t\t<section class=\"elementor-section elementor-top-section elementor-element elementor-element-f1eb5ad elementor-section-boxed elementor-section-height-default elementor-section-height-default\" data-id=\"f1eb5ad\" data-element_type=\"section\" data-settings=\"{&quot;background_background&quot;:&quot;classic&quot;}\">\n\t\t\t\t\t\t<div class=\"elementor-container elementor-column-gap-no\">\n\t\t\t\t\t<div class=\"elementor-column elementor-col-100 elementor-top-column elementor-element elementor-element-cc7ae77\" data-id=\"cc7ae77\" data-element_type=\"column\">\n\t\t\t<div class=\"elementor-widget-wrap elementor-element-populated\">\n\t\t\t\t\t\t<section class=\"elementor-section elementor-inner-section elementor-element elementor-element-2c4d885 elementor-section-full_width elementor-section-content-middle elementor-section-height-default elementor-section-height-default\" data-id=\"2c4d885\" data-element_type=\"section\">\n\t\t\t\t\t\t<div class=\"elementor-container elementor-column-gap-no\">\n\t\t\t\t\t<div class=\"elementor-column elementor-col-100 elementor-inner-column elementor-element elementor-element-5f1b90a\" data-id=\"5f1b90a\" data-element_type=\"column\">\n\t\t\t<div class=\"elementor-widget-wrap elementor-element-populated\">\n\t\t\t\t\t\t<div class=\"elementor-element elementor-element-2b66f7f elementor-widget elementor-widget-image\" data-id=\"2b66f7f\" data-element_type=\"widget\" data-widget_type=\"image.default\">\n\t\t\t\t<div class=\"elementor-widget-container\">\n\t\t\t\t\t\t\t\t\t\t\t\t\t\t\t<img fetchpriority=\"high\" decoding=\"async\" width=\"640\" height=\"359\" src=\"https:\/\/ibysoft.net\/home\/wp-content\/uploads\/2023\/08\/insu_services02.jpg\" class=\"attachment-large size-large wp-image-839\" alt=\"\" srcset=\"https:\/\/ibysoft.net\/home\/wp-content\/uploads\/2023\/08\/insu_services02.jpg 855w, https:\/\/ibysoft.net\/home\/wp-content\/uploads\/2023\/08\/insu_services02-300x168.jpg 300w, https:\/\/ibysoft.net\/home\/wp-content\/uploads\/2023\/08\/insu_services02-768x431.jpg 768w\" sizes=\"(max-width: 640px) 100vw, 640px\" \/>\t\t\t\t\t\t\t\t\t\t\t\t\t\t\t<\/div>\n\t\t\t\t<\/div>\n\t\t\t\t\t<\/div>\n\t\t<\/div>\n\t\t\t\t\t<\/div>\n\t\t<\/section>\n\t\t\t\t\t<\/div>\n\t\t<\/div>\n\t\t\t\t\t<\/div>\n\t\t<\/section>\n\t\t<div class=\"elementor-element elementor-element-8d7e83d e-flex e-con-boxed e-con e-parent\" data-id=\"8d7e83d\" data-element_type=\"container\" data-settings=\"{&quot;background_background&quot;:&quot;classic&quot;}\">\n\t\t\t\t\t<div class=\"e-con-inner\">\n\t\t<div class=\"elementor-element elementor-element-9239d79 e-con-full e-flex e-con e-child\" data-id=\"9239d79\" data-element_type=\"container\">\n\t\t<div class=\"elementor-element elementor-element-87cb313 e-con-full e-flex e-con e-child\" data-id=\"87cb313\" data-element_type=\"container\">\n\t\t<div class=\"elementor-element elementor-element-1a4edc1 e-con-full e-flex e-con e-child\" data-id=\"1a4edc1\" data-element_type=\"container\">\n\t\t\t\t<div class=\"elementor-element elementor-element-9db3483 elementor-widget elementor-widget-tg-heading\" data-id=\"9db3483\" data-element_type=\"widget\" data-widget_type=\"tg-heading.default\">\n\t\t\t\t<div class=\"elementor-widget-container\">\n\t\t\t\t\t\r\n        \r\n            <div class=\"section-title-two tg-heading-subheading animation-style3\">\r\n                                    <span class=\"sub-title\"> Web Tasar\u0131m &amp; Geli\u015ftirme<\/span>\r\n                                <h2 class=\"title tg-element-title\">Mobil uyumlu, modern ve h\u0131zl\u0131 web siteleri tasarl\u0131yoruz.<\/h2>            <\/div>\r\n\r\n        \r\n\t\t\t\t<\/div>\n\t\t\t\t<\/div>\n\t\t\t\t<\/div>\n\t\t<div class=\"elementor-element elementor-element-da58c0c e-con-full e-flex e-con e-child\" data-id=\"da58c0c\" data-element_type=\"container\">\n\t\t\t\t<div class=\"elementor-element elementor-element-53d8dc5 elementor-widget__width-initial mx-auto me-lg-0 ms-lg-auto elementor-widget elementor-widget-heading\" data-id=\"53d8dc5\" data-element_type=\"widget\" data-widget_type=\"heading.default\">\n\t\t\t\t<div class=\"elementor-widget-container\">\n\t\t\t\t\t<p class=\"elementor-heading-title elementor-size-default\">Web tasar\u0131m\u0131 ve geli\u015ftirme s\u00fcre\u00e7lerimizde kullan\u0131c\u0131 dostu, \u015f\u0131k ve h\u0131zl\u0131 bir deneyim sunmay\u0131 hedefliyoruz. Mobil uyumlu ve modern tasar\u0131mlar ile sitenizin her cihazda kusursuz g\u00f6r\u00fcnmesini sa\u011fl\u0131yoruz. H\u0131zl\u0131 y\u00fcklenen ve SEO uyumlu web siteleriyle m\u00fc\u015fterilerinize m\u00fckemmel bir deneyim sunarak, rekabette bir ad\u0131m \u00f6ne \u00e7\u0131kman\u0131z\u0131 sa\u011fl\u0131yoruz.<\/p>\t\t\t\t<\/div>\n\t\t\t\t<\/div>\n\t\t\t\t<\/div>\n\t\t\t\t<\/div>\n\t\t<div class=\"elementor-element elementor-element-be24b26 e-con-full e-flex e-con e-child\" data-id=\"be24b26\" data-element_type=\"container\">\n\t\t<div class=\"elementor-element elementor-element-e94f260 e-con-full e-flex e-con e-child\" data-id=\"e94f260\" data-element_type=\"container\">\n\t\t\t\t<div class=\"elementor-element elementor-element-9209758 elementor-widget elementor-widget-tg-servicesBox\" data-id=\"9209758\" data-element_type=\"widget\" data-widget_type=\"tg-servicesBox.default\">\n\t\t\t\t<div class=\"elementor-widget-container\">\n\t\t\t\t\t\r\n        \r\n            <div class=\"row justify-content-center\">\r\n                \r\n                    \r\n                \r\n                    \r\n                \r\n                    \r\n                \r\n                    \r\n                \r\n                    \r\n                \r\n                    \r\n                \r\n                    \r\n                \r\n                    \r\n                            <\/div>\r\n\r\n        \r\n\t\t\t\t<\/div>\n\t\t\t\t<\/div>\n\t\t\t\t<\/div>\n\t\t\t\t<\/div>\n\t\t\t\t<\/div>\n\t\t\t\t\t<\/div>\n\t\t\t\t<\/div>\n\t\t<div class=\"elementor-element elementor-element-7d5db5d e-flex e-con-boxed e-con e-parent\" data-id=\"7d5db5d\" data-element_type=\"container\" data-settings=\"{&quot;background_background&quot;:&quot;classic&quot;}\">\n\t\t\t\t\t<div class=\"e-con-inner\">\n\t\t<div class=\"elementor-element elementor-element-c95569b e-con-full e-flex e-con e-child\" data-id=\"c95569b\" data-element_type=\"container\">\n\t\t<div class=\"elementor-element elementor-element-15f4474 e-con-full e-flex e-con e-child\" data-id=\"15f4474\" data-element_type=\"container\">\n\t\t<div class=\"elementor-element elementor-element-beb7e2c e-con-full e-flex e-con e-child\" data-id=\"beb7e2c\" data-element_type=\"container\">\n\t\t\t\t<div class=\"elementor-element elementor-element-0882ad4 elementor-widget elementor-widget-tg-heading\" data-id=\"0882ad4\" data-element_type=\"widget\" data-widget_type=\"tg-heading.default\">\n\t\t\t\t<div class=\"elementor-widget-container\">\n\t\t\t\t\t\r\n        \r\n            <div class=\"section-title-two tg-heading-subheading animation-style3\">\r\n                                    <span class=\"sub-title\"> SEO ve Dijital Pazarlama<\/span>\r\n                                <h2 class=\"title tg-element-title\">Markan\u0131z\u0131 \u00f6ne \u00e7\u0131karmak i\u00e7in SEO ve reklam stratejileri sunuyoruz.<\/h2>            <\/div>\r\n\r\n        \r\n\t\t\t\t<\/div>\n\t\t\t\t<\/div>\n\t\t\t\t<\/div>\n\t\t<div class=\"elementor-element elementor-element-dee018d e-con-full e-flex e-con e-child\" data-id=\"dee018d\" data-element_type=\"container\">\n\t\t\t\t<div class=\"elementor-element elementor-element-8eac68b elementor-widget__width-initial mx-auto me-lg-0 ms-lg-auto elementor-widget elementor-widget-heading\" data-id=\"8eac68b\" data-element_type=\"widget\" data-widget_type=\"heading.default\">\n\t\t\t\t<div class=\"elementor-widget-container\">\n\t\t\t\t\t<p class=\"elementor-heading-title elementor-size-default\">SEO (Arama Motoru Optimizasyonu) stratejileri ile web sitenizin arama motorlar\u0131nda daha g\u00f6r\u00fcn\u00fcr olmas\u0131n\u0131 sa\u011fl\u0131yoruz. Dijital pazarlama \u00e7\u00f6z\u00fcmleriyle hedef kitlenize etkili bir \u015fekilde ula\u015farak, markan\u0131z\u0131n dijital d\u00fcnyada b\u00fcy\u00fcmesini sa\u011fl\u0131yoruz. Google Ads, sosyal medya reklamlar\u0131 ve i\u00e7erik pazarlama gibi ara\u00e7larla dijital d\u00fcnyada g\u00fc\u00e7l\u00fc bir varl\u0131k olu\u015fturuyoruz.<\/p>\t\t\t\t<\/div>\n\t\t\t\t<\/div>\n\t\t\t\t<\/div>\n\t\t\t\t<\/div>\n\t\t<div class=\"elementor-element elementor-element-6a60f67 e-con-full e-flex e-con e-child\" data-id=\"6a60f67\" data-element_type=\"container\">\n\t\t<div class=\"elementor-element elementor-element-e213840 e-con-full e-flex e-con e-child\" data-id=\"e213840\" data-element_type=\"container\">\n\t\t\t\t<div class=\"elementor-element elementor-element-b9601e6 elementor-widget elementor-widget-tg-servicesBox\" data-id=\"b9601e6\" data-element_type=\"widget\" data-widget_type=\"tg-servicesBox.default\">\n\t\t\t\t<div class=\"elementor-widget-container\">\n\t\t\t\t\t\r\n        \r\n            <div class=\"row justify-content-center\">\r\n                \r\n                    \r\n                \r\n                    \r\n                \r\n                    \r\n                \r\n                    \r\n                \r\n                    \r\n                \r\n                    \r\n                \r\n                    \r\n                \r\n                    \r\n                            <\/div>\r\n\r\n        \r\n\t\t\t\t<\/div>\n\t\t\t\t<\/div>\n\t\t\t\t<\/div>\n\t\t\t\t<\/div>\n\t\t\t\t<\/div>\n\t\t\t\t\t<\/div>\n\t\t\t\t<\/div>\n\t\t<div class=\"elementor-element elementor-element-e2e7b41 e-flex e-con-boxed e-con e-parent\" data-id=\"e2e7b41\" data-element_type=\"container\" data-settings=\"{&quot;background_background&quot;:&quot;classic&quot;}\">\n\t\t\t\t\t<div class=\"e-con-inner\">\n\t\t<div class=\"elementor-element elementor-element-6d47caa e-con-full e-flex e-con e-child\" data-id=\"6d47caa\" data-element_type=\"container\">\n\t\t<div class=\"elementor-element elementor-element-d6c76cb e-con-full e-flex e-con e-child\" data-id=\"d6c76cb\" data-element_type=\"container\">\n\t\t<div class=\"elementor-element elementor-element-1674cb5 e-con-full e-flex e-con e-child\" data-id=\"1674cb5\" data-element_type=\"container\">\n\t\t\t\t<div class=\"elementor-element elementor-element-ba2c16f elementor-widget elementor-widget-tg-heading\" data-id=\"ba2c16f\" data-element_type=\"widget\" data-widget_type=\"tg-heading.default\">\n\t\t\t\t<div class=\"elementor-widget-container\">\n\t\t\t\t\t\r\n        \r\n            <div class=\"section-title-two tg-heading-subheading animation-style3\">\r\n                                    <span class=\"sub-title\">\u00d6zel Yaz\u0131l\u0131m \u00c7\u00f6z\u00fcmleri<\/span>\r\n                                <h2 class=\"title tg-element-title\">\u0130\u015f s\u00fcre\u00e7lerinizi h\u0131zland\u0131ran \u00f6zel yaz\u0131l\u0131m ve otomasyon \u00e7\u00f6z\u00fcmleri geli\u015ftiriyoruz.<\/h2>            <\/div>\r\n\r\n        \r\n\t\t\t\t<\/div>\n\t\t\t\t<\/div>\n\t\t\t\t<\/div>\n\t\t<div class=\"elementor-element elementor-element-69fe838 e-con-full e-flex e-con e-child\" data-id=\"69fe838\" data-element_type=\"container\">\n\t\t\t\t<div class=\"elementor-element elementor-element-b00cd6c elementor-widget__width-initial mx-auto me-lg-0 ms-lg-auto elementor-widget elementor-widget-heading\" data-id=\"b00cd6c\" data-element_type=\"widget\" data-widget_type=\"heading.default\">\n\t\t\t\t<div class=\"elementor-widget-container\">\n\t\t\t\t\t<p class=\"elementor-heading-title elementor-size-default\">\u0130\u015f s\u00fcre\u00e7lerinizi daha verimli hale getirebilmek i\u00e7in tamamen size \u00f6zel yaz\u0131l\u0131m \u00e7\u00f6z\u00fcmleri geli\u015ftiriyoruz. \u0130htiyac\u0131n\u0131za g\u00f6re \u00f6zelle\u015ftirilmi\u015f yaz\u0131l\u0131mlar ve otomasyon sistemleri ile i\u015flerinizi h\u0131zland\u0131r\u0131yor, zaman ve maliyet tasarrufu sa\u011fl\u0131yoruz. \u0130ster CRM, ister envanter y\u00f6netimi ya da \u00f6zel projeler i\u00e7in yaz\u0131l\u0131mlar geli\u015ftirebiliriz.<\/p>\t\t\t\t<\/div>\n\t\t\t\t<\/div>\n\t\t\t\t<\/div>\n\t\t\t\t<\/div>\n\t\t<div class=\"elementor-element elementor-element-7244275 e-con-full e-flex e-con e-child\" data-id=\"7244275\" data-element_type=\"container\">\n\t\t<div class=\"elementor-element elementor-element-a03a8ac e-con-full e-flex e-con e-child\" data-id=\"a03a8ac\" data-element_type=\"container\">\n\t\t\t\t<div class=\"elementor-element elementor-element-f1e8b04 elementor-widget elementor-widget-tg-servicesBox\" data-id=\"f1e8b04\" data-element_type=\"widget\" data-widget_type=\"tg-servicesBox.default\">\n\t\t\t\t<div class=\"elementor-widget-container\">\n\t\t\t\t\t\r\n        \r\n            <div class=\"row justify-content-center\">\r\n                \r\n                    \r\n                \r\n                    \r\n                \r\n                    \r\n                \r\n                    \r\n                \r\n                    \r\n                \r\n                    \r\n                \r\n                    \r\n                \r\n                    \r\n                            <\/div>\r\n\r\n        \r\n\t\t\t\t<\/div>\n\t\t\t\t<\/div>\n\t\t\t\t<\/div>\n\t\t\t\t<\/div>\n\t\t\t\t<\/div>\n\t\t\t\t\t<\/div>\n\t\t\t\t<\/div>\n\t\t\t\t<\/div>\n\t\t","protected":false},"excerpt":{"rendered":"<p>Web Tasar\u0131m &amp; Geli\u015ftirme Mobil uyumlu, modern ve h\u0131zl\u0131 web siteleri tasarl\u0131yoruz. Web tasar\u0131m\u0131 ve geli\u015ftirme s\u00fcre\u00e7lerimizde kullan\u0131c\u0131 dostu, \u015f\u0131k ve h\u0131zl\u0131 bir deneyim sunmay\u0131 hedefliyoruz. Mobil uyumlu ve modern tasar\u0131mlar ile sitenizin her cihazda kusursuz g\u00f6r\u00fcnmesini sa\u011fl\u0131yoruz. H\u0131zl\u0131 y\u00fcklenen ve SEO uyumlu web siteleriyle m\u00fc\u015fterilerinize m\u00fckemmel bir deneyim sunarak, rekabette bir ad\u0131m \u00f6ne \u00e7\u0131kman\u0131z\u0131 [&hellip;]<\/p>\n","protected":false},"author":1,"featured_media":0,"parent":0,"menu_order":0,"comment_status":"closed","ping_status":"closed","template":"elementor_header_footer","meta":{"_acf_changed":false,"footnotes":""},"class_list":["post-83","page","type-page","status-publish","hentry"],"acf":[],"_links":{"self":[{"href":"https:\/\/ibysoft.net\/home\/wp-json\/wp\/v2\/pages\/83","targetHints":{"allow":["GET"]}}],"collection":[{"href":"https:\/\/ibysoft.net\/home\/wp-json\/wp\/v2\/pages"}],"about":[{"href":"https:\/\/ibysoft.net\/home\/wp-json\/wp\/v2\/types\/page"}],"author":[{"embeddable":true,"href":"https:\/\/ibysoft.net\/home\/wp-json\/wp\/v2\/users\/1"}],"replies":[{"embeddable":true,"href":"https:\/\/ibysoft.net\/home\/wp-json\/wp\/v2\/comments?post=83"}],"version-history":[{"count":26,"href":"https:\/\/ibysoft.net\/home\/wp-json\/wp\/v2\/pages\/83\/revisions"}],"predecessor-version":[{"id":1466,"href":"https:\/\/ibysoft.net\/home\/wp-json\/wp\/v2\/pages\/83\/revisions\/1466"}],"wp:attachment":[{"href":"https:\/\/ibysoft.net\/home\/wp-json\/wp\/v2\/media?parent=83"}],"curies":[{"name":"wp","href":"https:\/\/api.w.org\/{rel}","templated":true}]}}